{"id":1669,"date":"2025-11-12T14:01:44","date_gmt":"2025-11-12T13:01:44","guid":{"rendered":"https:\/\/www.weecando.com\/?post_type=product&#038;p=1669"},"modified":"2025-11-12T14:05:07","modified_gmt":"2025-11-12T13:05:07","slug":"cud-w-wigilijna-noc-kalendarz-adwentowy-z-opowiescia-i-zagadkami","status":"publish","type":"product","link":"https:\/\/www.weecando.com\/en\/product\/cud-w-wigilijna-noc-kalendarz-adwentowy-z-opowiescia-i-zagadkami\/","title":{"rendered":"CUD w Wigilijn\u0105 Noc \u2013 Kalendarz Adwentowy z opowie\u015bci\u0105 i zagadkami"},"content":{"rendered":"<p data-pm-slice=\"1 1 []\">Podaruj dzieciom <strong>codzienn\u0105 dawk\u0119 \u015bwi\u0105tecznej magii, wsp\u00f3\u0142pracy i ciep\u0142a<\/strong>.<\/p>\n<p>W przed\u015bwi\u0105tecznym zabieganiu nauczycielom cz\u0119sto brakuje czasu, by spokojnie i z sercem wprowadza\u0107 dzieci w temat \u015awi\u0105t. Dlatego powsta\u0142 ten kalendarz \u2014 by <strong>codziennie, przez ok. 10-15 minut<\/strong>, krok po kroku tworzy\u0107 atmosfer\u0119 ciep\u0142a, wsp\u00f3\u0142pracy.<\/p>\n<p>Od<strong> 1 do 22 grudnia<\/strong> uczniowie przybli\u017caj\u0105 si\u0119 do \u015bwi\u0105t <strong>odkrywaj\u0105c kolejne fragmenty \u015bwi\u0105tecznej opowie\u015bci<\/strong>, rozwi\u0105zuj\u0105 zagadki i wsp\u00f3lnie uk\u0142adaj\u0105 <strong>obrazek-pami\u0105tk\u0119<\/strong>, kt\u00f3ra zostanie z nimi na d\u0142ugo. \ud83c\udf84<\/p>\n<p>To nie jest zwyk\u0142y kalendarz.<br \/>\nTo <strong>rytua\u0142<\/strong>, kt\u00f3ry:<br \/>\n\u2728 buduje rado\u015b\u0107 oczekiwania<br \/>\n\u2728 wzmacnia wi\u0119\u017a w klasie<br \/>\n\u2728 uczy wsp\u00f3\u0142pracy i empatii<br \/>\n\u2728 pozwala prze\u017cy\u0107 <strong>prawdziwy sens \u015awi\u0105t<\/strong> \u2013 dobro, blisko\u015b\u0107 i ciep\u0142o<\/p>\n<p>Gotowe do druku. Prosto do u\u017cycia.<\/p>\n<p>\ud83d\udd17 Zobacz te\u017c inne moje materia\u0142y: <a href=\"https:\/\/www.naffy.io\/teresa-ochojska\" target=\"_blank\" rel=\"noopener noreferrer nofollow\">kliknij tutaj<\/a><\/p>\n<p>&nbsp;<\/p>","protected":false},"excerpt":{"rendered":"<p>SZKOLNY KALENDARZ ADWENTOWY<\/p>","protected":false},"featured_media":1670,"comment_status":"open","ping_status":"closed","template":"","meta":{"_eb_attr":""},"product_brand":[],"product_cat":[16],"product_tag":[199],"class_list":{"0":"post-1669","1":"product","2":"type-product","3":"status-publish","4":"has-post-thumbnail","6":"product_cat-inne","7":"product_tag-boze-narodzenie-dla-dzieci-klasy-1-3-kalendarzyk-adwent","9":"first","10":"instock","11":"sale","12":"downloadable","13":"taxable","14":"shipping-taxable","15":"purchasable","16":"product-type-simple"},"jetpack_sharing_enabled":true,"_links":{"self":[{"href":"https:\/\/www.weecando.com\/en\/wp-json\/wp\/v2\/product\/1669","targetHints":{"allow":["GET"]}}],"collection":[{"href":"https:\/\/www.weecando.com\/en\/wp-json\/wp\/v2\/product"}],"about":[{"href":"https:\/\/www.weecando.com\/en\/wp-json\/wp\/v2\/types\/product"}],"replies":[{"embeddable":true,"href":"https:\/\/www.weecando.com\/en\/wp-json\/wp\/v2\/comments?post=1669"}],"wp:featuredmedia":[{"embeddable":true,"href":"https:\/\/www.weecando.com\/en\/wp-json\/wp\/v2\/media\/1670"}],"wp:attachment":[{"href":"https:\/\/www.weecando.com\/en\/wp-json\/wp\/v2\/media?parent=1669"}],"wp:term":[{"taxonomy":"product_brand","embeddable":true,"href":"https:\/\/www.weecando.com\/en\/wp-json\/wp\/v2\/product_brand?post=1669"},{"taxonomy":"product_cat","embeddable":true,"href":"https:\/\/www.weecando.com\/en\/wp-json\/wp\/v2\/product_cat?post=1669"},{"taxonomy":"product_tag","embeddable":true,"href":"https:\/\/www.weecando.com\/en\/wp-json\/wp\/v2\/product_tag?post=1669"}],"curies":[{"name":"wp","href":"https:\/\/api.w.org\/{rel}","templated":true}]}}

CUD w Wigilijną Noc – Kalendarz Adwentowy z opowieścią i zagadkami

<p data-pm-slice="1 1 []">Podaruj dzieciom <strong>codzienną dawkę świątecznej magii, współpracy i ciepła</strong>.</p>
<p>W przedświątecznym zabieganiu nauczycielom często brakuje czasu, by spokojnie i z sercem wprowadzać dzieci w temat Świąt. Dlatego powstał ten kalendarz — by <strong>codziennie, przez ok. 10-15 minut</strong>, krok po kroku tworzyć atmosferę ciepła, współpracy.</p>
<p>Od<strong> 1 do 22 grudnia</strong> uczniowie przybliżają się do świąt <strong>odkrywając kolejne fragmenty świątecznej opowieści</strong>, rozwiązują zagadki i wspólnie układają <strong>obrazek-pamiątkę</strong>, która zostanie z nimi na długo. 🎄</p>
<p>To nie jest zwykły kalendarz.<br />
To <strong>rytuał</strong>, który:<br />
✨ buduje radość oczekiwania<br />
✨ wzmacnia więź w klasie<br />
✨ uczy współpracy i empatii<br />
✨ pozwala przeżyć <strong>prawdziwy sens Świąt</strong> – dobro, bliskość i ciepło</p>
<p>Gotowe do druku. Prosto do użycia.</p>
<p>🔗 Zobacz też inne moje materiały: <a href="https://www.naffy.io/teresa-ochojska" target="_blank" rel="noopener noreferrer nofollow">kliknij tutaj</a></p>
<p>&nbsp;</p>
